2701*b - 37712. Let f be u(14). Calculate the greatest common factor of p and f.
34
Let y(j) = -j**3 + j**2 + 6*j + 5. Let g be y(-4). Let l = -58 + g. Let o be 3*13/l - -4. What is the greatest common factor of o and 221?
17
Suppose 0 = -2*i + 1618 + 26. Let s = -1169 + i. Let l = 503 + s. What is the greatest common factor of 12 and l?
12
Suppose -5*x + 3*h = -6, 2*h + 4 = -4*x - 0. Suppose x = -4*g + 55 + 109. Let d = 84 + -43. What is the greatest common divisor of g and d?
41
Suppose 0 = 43*y - 24*y + 110*y - 1032. Calculate the highest common factor of 182 and y.
2
Suppose 200 = 11*w - 271 + 31. Calculate the greatest common divisor of 970 and w.
10
Let y = -7 - 851. Let q = y - -928. Suppose -n - 28 = -3*n. Calculate the highest common divisor of n and q.
14
Suppose -24 + 81 = 19*h. Suppose h*t = -0*u + u + 6, 0 = 5*t - 5*u - 10. What is the highest common divisor of 10 and t?
2
Let l = -72 + 74. Suppose -l*j = 15 - 279. What is the highest common divisor of j and 33?
33
Let c be 2 + (3/(-2))/((-6)/4). Suppose 0 = n + c*n - 40. Suppose -29 + 9 = -5*t. What is the highest common divisor of t and n?
2
Suppose 25*w = 29*w - f - 3725, -1855 = -2*w - f. Calculate the highest common factor of 135 and w.
15
Suppose -4*r = 3*f - 6, 4*f - r = -5*r + 8. Let t(q) = -2*q - 10*q + q**f + q - 30. Let u be t(-6). Calculate the highest common factor of u and 8.
8
Let q(v) = -63 + 133 - 82 + 13*v. Let y be q(7). Suppose 2*f - y - 401 = -4*r, 0 = 2*r - 5*f - 252. What is the greatest common divisor of r and 11?
11
Suppose -165882 = -208*z + 77270. Calculate the greatest common divisor of z and 14.
7
Suppose -5 = 3*l - 11. Suppose 539 = 3*b + 5*n - 1068, 0 = 4*b - l*n - 2160. Calculate the highest common factor of b and 49.
49
Let q be (-7532)/(-70)*(-10)/4. Let c = q + 271. What is the greatest common factor of c and 22?
2
Suppose 18*z - 16058 - 26548 = 0. Calculate the greatest common factor of z and 9.
9
Suppose 68*t - 4*t - 274 - 366 = 0. Let c(a) = a**3 + 12*a**2 + 10*a - 5. Let k be c(-11). Calculate the highest common factor of k and t.
2
Suppose 5*q = 3*l - 54628, 243*q - 54691 = -3*l + 239*q. What is the highest common divisor of 133 and l?
133
Let y(n) = 76*n - 21. Let h be y(2). Suppose -h = -6*k - 11. Calculate the highest common factor of k and 70.
10
Let v be 1740/(-132) + 13 + 249/(-33)*-4. What is the highest common divisor of 9645 and v?
15
Suppose 99*o - 12126 - 13119 = 0. Suppose 75 = 11*i - 6*i. What is the greatest common divisor of o and i?
15
Let j = 3033 + -2746. Calculate the highest common divisor of 779 and j.
41
Let f = -387 + -2541. Let m be ((-2)/(-3))/(-5 - f/585). Suppose -5*t = -5*a - m, 5 = a - 0. What is the highest common divisor of t and 31?
31
Suppose 9*d = -3*x + 5*d - 1341, -2*d + 1359 = -3*x. Let y = -321 - x. Calculate the highest common factor of 26 and y.
26
Let z be 2 - 102/(-4) - (-12)/(-24). Calculate the greatest common factor of 2889 and z.
27
Let h = -28302 + 28437. Calculate the greatest common factor of h and 33885.
135
Suppose 0 = -47*t + 136*t - 464224. Calculate the highest common divisor of t and 32.
32
Let m(r) = 11*r - 1. Let l be m(-5). Let w be (1 + -3)/(l/27 - -2). Let n = w - 26. Calculate the highest common divisor of n and 1.
1
Suppose 2*f = o - 11, 0 = 4*o - 5*f - 4 - 25. Let t(s) = 64*s**2 - 9*s + 8. Let q be t(o). What is the highest common divisor of q and 153?
9
Let c(u) = u**2 - 21*u + 76. Let r be c(16). Let g = 116 + r. What is the highest common factor of g and 16?
16
Let c be ((-294)/35)/(2/(-85)). Let p = 603 - c. What is the highest common factor of p and 41?
41
Suppose -13*z + 11739 = 30*z. Let k = 21 - 0. What is the greatest common divisor of k and z?
21
Let a = -9191 - -11200. What is the greatest common factor of 539 and a?
49
Suppose -672 = -3*j + 3*k, -k + 110 = j - 106. What is the greatest common divisor of j and 308?
44
Let t be (37412720/70)/23 + 4/14. Calculate the greatest common divisor of 36 and t.
18
Let p(s) = -s**2 - 9*s + 21. Let r = 25 - 12. Suppose q + v + 23 = -q, q + v + r = 0. Let g be p(q). Calculate the greatest common factor of 44 and g.
11
Let s = -818 - -986. Let q be -3 - -1 - 16*-1. Calculate the highest common factor of s and q.
14
Suppose -109 = 9*r - 109. Suppose r = 3*t + z - 50, 16 - 26 = t - 5*z. Calculate the highest common factor of 15 and t.
15
Suppose 31*w = 25*w + 372. Let h = w + -56. Calculate the greatest common divisor of h and 18.
6
Let r be (-3)/4 - 766/(-8). Let j = -127 - -163. Let m be 2 + -1 + j/2. What is the highest common divisor of r and m?
19
Suppose -3*u = 14*u - 35*u + 6174. What is the highest common factor of 497 and u?
7
Let k(s) = 43*s**2 + 3*s - 3. Let w be k(1). Let v = w - 44. Let y be -1 + 1 - (-10 - (1 + v)). Calculate the highest common factor of 80 and y.
10
Suppose 3*d + s - 26 = 0, 4*d - 4*s = -8*s + 32. Suppose 108 = -0*x + d*x. What is the greatest common divisor of x and 84?
12
Suppose -29*i + 8244 = -108. Let v be -6*(-6)/i + (-956)/(-32). What is the highest common factor of 40 and v?
10
Let z(d) = -d**3 - 3*d**2 - 23*d + 108. Let w be z(0). What is the highest common divisor of 144 and w?
36
Let s(h) = -2*h**3 - 19*h**2 - 6*h - 114. Let v be s(-11). Calculate the highest common divisor of 210 and v.
105
Let n be (-3 - 4)*(9/(-21) + -1). Let p be ((-935)/n)/(8/(-16)). What is the greatest common divisor of 33 and p?
11
Suppose 224*t - 4247692 = 777972. What is the highest common factor of t and 316?
316
Let u = 15739 + -8031. Calculate the highest common divisor of 328 and u.
164
Let h be (-4)/6*-102 - -2. Suppose 0 = 53*p - 58021 + 53569. Calculate the highest common divisor of h and p.
14
Let u be ((-1170)/(-10))/(-13)*14/(-6). Suppose -2485 = u*g - 26*g. What is the greatest common divisor of 7 and g?
7
Let n(f) = 6*f**2 - 12*f + 608. Let h be n(16). Calculate the greatest common divisor of h and 305.
61
Let l = 68361 - 45974. Calculate the greatest common divisor of l and 61.
61
Suppose -2*p + 2*z = 29 - 131, -3*z = -p + 39. Let j = 649 + -364. Calculate the greatest common divisor of j and p.
57
Let j = 2291 - 2283. What is the highest common divisor of j and 204?
4
Let f(g) = 109*g**2 + 64*g + 133. Let d be f(-2). Calculate the greatest common divisor of 1134 and d.
63
Let o = 35023 + -34972. Suppose 3*r - 545 - 679 = 0. Calculate the highest common divisor of o and r.
51
Let a(n) be the first derivative of 17*n**2/2 + 65*n - 281. Let c be a(5). Calculate the greatest common factor of 120 and c.
30
Let r(y) = -y**3 - 15*y**2 - y + 26. Let n be r(-15). Let f = -192 + 561. Calculate the highest common factor of n and f.
41
Suppose -21080 = -65*m - 59*m. Let y = -34 - -51. What is the greatest common factor of y and m?
17
Let r be ((-6)/(-45)*12)/((-13)/(-3770)). Let v be 10/(-105) + r/21. Let g = 39 - 17. What is the highest common factor of v and g?
22
Let d = -49 - -74. Suppose -1300 = 9*k - 61*k. What is the highest common factor of k and d?
25
Let g(w) = -7*w**3 - w**2 - 41*w - 591. Let i be g(-12). Calculate the highest common factor of 81 and i.
27
Suppose -1603710 - 1390642 + 1098920 = -154*b. Calculate the highest common factor of b and 136.
68
Let g = 19 - -4. Let n = 36 - g. Suppose 5*p - n = 7. Calculate the highest common divisor of p and 6.
2
Let s = -6 - -33. Suppose 15*p = 27*p - 360. Suppose -p*d + 5408 = -1882. Calculate the highest common divisor of d and s.
27
Suppose -1447 = 335*h - 340*h + o, 4*o = 12. What is the greatest common factor of 90 and h?
10
Let n be 0/(-1)*5/(-60)*-4. Suppose -3*j + 4*j - 3 = 0. Suppose -5*h = 2*v - 25, n = -4*h + 2*v + 17 + j. Calculate the highest common divisor of h and 40.
5
Let v be (2*2)/((-1)/(-13)). Let d = -168610 + 168688. Calculate the highest common factor of v and d.
26
Let n be 1/5 - (-804)/30. Let u = n - -7. Let v = 420 - 182. What is the highest common factor of v and u?
34
Suppose 21*h - 19*h = 20. Suppose 0 = -86*i + 90*i - 20. Calculate the greatest common factor of h and i.
5
Suppose 3*g = -4*s - 577, g + 2*s + 174 = -3*s. Let l = g + 276. Suppose 0 = o - 5*o, -35 = -5*m - o. What is the highest common divisor of l and m?
7
Let t = -8474 - -8930. Calculate the greatest common divisor of 1976 and t.
152
Let y be 221/2 - 2/4. Su